18 a multiple of 139?
True
Is 201816 a multiple of 29?
False
Is 481762 a multiple of 254?
False
Is 6 a factor of 8514447?
False
Does 11 divide 11611165?
False
Does 41 divide 721313?
True
Is 153370 a multiple of 245?
True
Is 5683503 a multiple of 8?
False
Is 77 a factor of 53130?
True
Does 441 divide 24696?
True
Is 90 a factor of 6655?
False
Is 205 a factor of 988715?
True
Is 36 a factor of 10297728?
True
Does 318 divide 1432836?
False
Is 208875 a multiple of 76?
False
Does 603 divide 6370835?
False
Is 164875 a multiple of 125?
True
Is 1112800 a multiple of 80?
True
Does 11 divide 66330?
True
Does 232 divide 83984?
True
Is 10000 a multiple of 20?
True
Does 184 divide 78568?
True
Is 2421252 a multiple of 36?
True
Is 7 a factor of 119665?
True
Is 260544 a multiple of 69?
True
Is 334 a factor of 5080?
False
Does 58 divide 35438?
True
Is 11000 a multiple of 13?
False
Is 43 a factor of 1723102?
False
Does 792 divide 3941784?
True
Is 3858400 a multiple of 260?
True
Is 74341 a multiple of 36?
False
Is 6725171 a multiple of 541?
True
Is 187108 a multiple of 269?
False
Is 69 a factor of 276138?
True
Does 203 divide 8254792?
True
Is 561 a factor of 1726956?
False
Is 302 a factor of 1561340?
True
Does 23 divide 963401?
True
Does 1015 divide 20511562?
False
Is 90 a factor of 1665864?
False
Is 3 a factor of 175045?
False
Is 59 a factor of 1816347?
False
Is 13 a factor of 2057240?
False
Does 541 divide 1998588?
False
Is 17 a factor of 1817759?
True
Does 70 divide 1851672?
False
Does 5 divide 92493?
False
Is 188313 a multiple of 416?
False
Does 2 divide 119792?
True
Is 16 a factor of 6834621?
False
Does 31 divide 31173?
False
Is 19034 a multiple of 53?
False
Is 86 a factor of 1870149?
False
Is 575320 a multiple of 152?
True
Is 15307742 a multiple of 16?
False
Is 39 a factor of 9759438?
True
Is 60 a factor of 56885?
False
Does 181 divide 320370?
True
Is 151 a factor of 1983955?
False
Is 3 a factor of 38218?
False
Does 123 divide 3300421?
False
Does 25 divide 79725?
True
Is 703 a factor of 3510272?
False
Is 1260270 a multiple of 18?
True
Is 10987597 a multiple of 280?
False
Is 13 a factor of 73587?
False
Does 184 divide 409904?
False
Is 276 a factor of 4076769?
False
Is 44 a factor of 215644?
True
Does 10 divide 434681?
False
Does 247 divide 90055?
False
Does 29 divide 3564448?
True
Is 1465204 a multiple of 309?
False
Is 7710 a multiple of 12?
False
Does 11 divide 616792?
True
Is 53032 a multiple of 8?
True
Is 952072 a multiple of 62?
True
Does 23 divide 104305?
True
Is 79 a factor of 986049?
False
Is 301990 a multiple of 65?
True
Is 60 a factor of 4000800?
True
Does 364 divide 2015287?
False
Does 3 divide 2501752?
False
Does 340 divide 2903900?
False
Is 89318 even?
True
Does 83 divide 626152?
True
Does 83 divide 157451?
True
Does 78 divide 351624?
True
Is 8925687 a multiple of 171?
True
Does 9 divide 124542?
True
Does 7 divide 9401?
True
Does 10 divide 733690?
True
Is 158 a factor of 688406?
True
Does 126 divide 306057?
False
Is 2483828 a multiple of 810?
False
Is 2674728 a multiple of 43?
False
Is 17 a factor of 5228741?
True
Does 14 divide 193382?
True
Is 1422 a factor of 8202527?
False
Is 1107 a factor of 271533?
False
Is 4 a factor of 541010?
False
Does 186 divide 1314354?
False
Is 4999774 a multiple of 19?
True
Does 16 divide 364688?
True
Is 5905124 a multiple of 19?
True
Is 11 a factor of 15170895?
False
Is 8 a factor of 55681?
False
Is 13287710 a multiple of 34?
True
Is 21 a factor of 27174?
True
Is 5620 a multiple of 4?
True
Does 33 divide 288331?
False
Does 29 divide 2601329?
True
Does 52 divide 6708?
True
Is 430886 a multiple of 143?
False
Is 1240264 a multiple of 6?
False
Is 4974166 a multiple of 353?
False
Does 226 divide 287805?
False
Is 14 a factor of 54173?
False
Is 4 a factor of 5993?
False
Is 10894718 a multiple of 20?
False
Does 593 divide 22000300?
True
Is 3 a factor of 37173?
True
Is 50880 a multiple of 2?
True
Is 592 a factor of 1491840?
True
Does 15 divide 7454?
False
Does 13 divide 1212731?
True
Does 1113 divide 2545431?
True
Does 451 divide 855120?
False
Does 38 divide 69464?
True
Is 109467 a multiple of 79?
False
Is 3 a factor of 20423?
False
Does 6 divide 967584?
True
Is 67252 a multiple of 46?
True
Is 121 a factor of 2413809?
False
Is 15 a factor of 722714?
False
Does 45 divide 657630?
True
Is 1217953 a multiple of 11?
True
Does 31 divide 104994?
False
Is 19 a factor of 321432?
False
Is 5928621 a multiple of 111?
True
Is 170 a factor of 1748790?
True
Is 23603520 a multiple of 40?
True
Is 333 a factor of 355866?
False
Does 180 divide 1511640?
True
Is 65 a factor of 800215?
True
Is 18 a factor of 3400416?
True
Does 27 divide 78786?
True
Is 1736048 a multiple of 953?
False
Is 9 a factor of 10141979?
False
Is 1792345 a multiple of 33?
False
Is 63 a factor of 3357306?
False
Does 37 divide 2406332?
True
Is 2507436 a multiple of 6?
True
Is 23 a factor of 653154?
True
Is 731487 a multiple of 36?
False
Is 30730 a multiple of 35?
True
Does 14 divide 10215?
False
Does 51 divide 500459?
False
Is 29 a factor of 211961?
True
Is 2112196 a multiple of 16?
False
Is 316119 a multiple of 468?
False
Does 82 divide 11073116?
True
Is 41 a factor of 305901?
True
Is 2842 a multiple of 14?
True
Is 2397393 a multiple of 107?
False
Is 49 a factor of 114554?
False
Does 230 divide 182620?
True
Is 2293053 a multiple of 1104?
False
Does 4 divide 40472?
True
Does 42 divide 47215?
False
Is 140871 a multiple of 12?
False
Does 5 divide 51570?
True
Does 495 divide 128205?
True
Is 1756128 a multiple of 1873?
False
Is 131 a factor of 3114918?
True
Is 19350 a multiple of 99?
False
Is 2437815 a multiple of 71?
False
Is 367311 a multiple of 48?
False
Is 89416 a multiple of 30?
False
Is 23 a factor of 252436?
False
Is 23 a factor of 146253?
False
Does 24 divide 20892720?
True
Is 2 a factor of 497903?
False
Is 437438 a multiple of 19?
False
Is 553 a factor of 5129659?
False
Is 207 a factor of 200267?
False
Does 154 divide 603372?
True
Does 91 divide 2256800?
True
Is 1083144 a multiple of 24?
True
Is 5725763 a multiple of 11?
False
Does 72 divide 414360?
True
Is 4 a factor of 184842?
False
Does 65 divide 792675?
True
Is 487 a factor of 1880307?
True
Does 129 divide 629778?
True
Is 289064 a multiple of 46?
True
Is 348 a factor of 3869760?
True
Does 76 divide 364344?
True
Is 123 a factor of 218817?
True
Does 347 divide 2133884?
False
Is 141502 a multiple of 509?
True
Is 3 a factor of 2057676?
True
Is 5 a factor of 101205?
True
Is 8 a factor of 10482?
False
Is 60 a factor of 9960?
True
Does 18 divide 870318?
True
Is 119 a factor of 2490670?
True
Is 222357 a multiple of 19?
True
Is 27875 a multiple of 671?
False
Is 591782 a multiple of 359?
False
Is 1812849 a multiple of 748?
False
Does 11 divide 89301?
False
Does 90 divide 57060?
True
Is 8836128 a multiple of 168?
True
Does 12 divide 235550?
False
Is 21 a factor of 458829?
True
Is 29801937 a multiple of 19?
True
Is 52 a factor of 22568?
True
Is 344710 a multiple of 626?
False
Is 66997 a multiple of 119?
True
Does 383 divide 7268574?
True
Is 389 a factor of 2612966?
False
Does 259 divide 1347252?
False
Is 715316 a multiple of 236?
True
Is 107 a factor of 2024761?
True
Is 181 a factor of 199643?
True
Is 47 a factor of 5450731?
True
Is 59 a factor of 746291?
True
Does 231 divide 7296597?
True
Does 52 divide 16056144?
True
Does 6 divide 3330?
True
Is 168 a factor of 91728?
True
Is 454 a factor of 2428900?
True
Is 2186976 a multiple of 132?
True
Does 83 divide 3163093?
False
Is 1556414 a multiple of 341?
False
Does 94 divide 180626?
False
Is 21 a factor of 5564595?
False
Does 9 divide 1238?
False
Is 11568774 a multiple of 10?
False
Does 4 divide 26426?
False
Is 10 a factor of 117677?
False
Does 9 divide 10795806?
True
Does 34 divide 86326?
True
Is 158954 a multiple of 178?
True
Does 97 divide 239406?
False
Is 12390 a multiple of 6?
True
Is 67 a factor of 4551645?
True
Is 9 a factor of 525843?
True
Is 28 a factor of 170031?
False
Is 29054368 a multiple of 18?
False
Is 10 a factor of 10094420?
True
Does 179 divide 101640?
False
Does 10 divide 1926644?
False
Is 134 a factor of 1095718?
True
Is 27120790 a multiple of 104?
False
Is 25 a factor of 13825?
True
Is 390216 a multiple of 67?
False
Is 7 a factor of 3291420?
False
Does 174 di